he remainder when 2285 is divided by 153?
143
Calculate the remainder when 120998 is divided by 242.
240
Calculate the remainder when 669 is divided by 214.
27
What is the remainder when 934 is divided by 300?
34
Calculate the remainder when 151 is divided by 28.
11
What is the remainder when 338 is divided by 109?
11
Calculate the remainder when 135 is divided by 18.
9
Calculate the remainder when 7468 is divided by 10.
8
What is the remainder when 164 is divided by 21?
17
Calculate the remainder when 229 is divided by 13.
8
Calculate the remainder when 1588 is divided by 23.
1
What is the remainder when 338 is divided by 169?
0
What is the remainder when 31 is divided by 14?
3
Calculate the remainder when 80 is divided by 52.
28
What is the remainder when 392 is divided by 70?
42
Calculate the remainder when 531 is divided by 169.
24
Calculate the remainder when 213 is divided by 146.
67
What is the remainder when 802 is divided by 159?
7
What is the remainder when 204 is divided by 109?
95
Calculate the remainder when 165 is divided by 7.
4
Calculate the remainder when 334 is divided by 191.
143
Calculate the remainder when 695 is divided by 25.
20
Calculate the remainder when 272 is divided by 12.
8
What is the remainder when 1071 is divided by 16?
15
What is the remainder when 546 is divided by 537?
9
What is the remainder when 569 is divided by 30?
29
Calculate the remainder when 118 is divided by 60.
58
Calculate the remainder when 260 is divided by 102.
56
Calculate the remainder when 406 is divided by 103.
97
What is the remainder when 58 is divided by 19?
1
What is the remainder when 2046 is divided by 42?
30
Calculate the remainder when 1472 is divided by 232.
80
What is the remainder when 108 is divided by 11?
9
What is the remainder when 1033 is divided by 28?
25
Calculate the remainder when 745 is divided by 151.
141
Calculate the remainder when 13347 is divided by 25.
22
What is the remainder when 235 is divided by 40?
35
Calculate the remainder when 375 is divided by 134.
107
What is the remainder when 189 is divided by 67?
55
What is the remainder when 653 is divided by 132?
125
Calculate the remainder when 475 is divided by 96.
91
What is the remainder when 415 is divided by 181?
53
Calculate the remainder when 105 is divided by 40.
25
Calculate the remainder when 175 is divided by 41.
11
Calculate the remainder when 113 is divided by 38.
37
Calculate the remainder when 5757 is divided by 45.
42
Calculate the remainder when 239 is divided by 41.
34
What is the remainder when 139 is divided by 49?
41
Calculate the remainder when 5191 is divided by 44.
43
What is the remainder when 219 is divided by 13?
11
What is the remainder when 89 is divided by 17?
4
What is the remainder when 143 is divided by 66?
11
What is the remainder when 358 is divided by 112?
22
What is the remainder when 32 is divided by 20?
12
Calculate the remainder when 207 is divided by 134.
73
What is the remainder when 21 is divided by 21?
0
Calculate the remainder when 10258 is divided by 9.
7
What is the remainder when 470 is divided by 34?
28
What is the remainder when 169 is divided by 17?
16
What is the remainder when 903 is divided by 8?
7
What is the remainder when 2247 is divided by 225?
222
What is the remainder when 453 is divided by 7?
5
Calculate the remainder when 1882 is divided by 65.
62
Calculate the remainder when 1500 is divided by 37.
20
Calculate the remainder when 2828 is divided by 1411.
6
What is the remainder when 191 is divided by 18?
11
What is the remainder when 49 is divided by 25?
24
Calculate the remainder when 1337 is divided by 654.
29
Calculate the remainder when 123 is divided by 64.
59
What is the remainder when 632 is divided by 29?
23
What is the remainder when 176 is divided by 49?
29
Calculate the remainder when 545 is divided by 11.
6
Calculate the remainder when 17150 is divided by 34.
14
What is the remainder when 635 is divided by 13?
11
Calculate the remainder when 271 is divided by 95.
81
Calculate the remainder when 44 is divided by 27.
17
Calculate the remainder when 128 is divided by 39.
11
Calculate the remainder when 379 is divided by 74.
9
Calculate the remainder when 584 is divided by 21.
17
Calculate the remainder when 387 is divided by 15.
12
Calculate the remainder when 65 is divided by 17.
14
What is the remainder when 709 is divided by 142?
141
Calculate the remainder when 180 is divided by 29.
6
What is the remainder when 108 is divided by 8?
4
Calculate the remainder when 1100 is divided by 24.
20
What is the remainder when 18716 is divided by 15?
11
Calculate the remainder when 936 is divided by 14.
12
What is the remainder when 2148 is divided by 277?
209
What is the remainder when 1646 is divided by 97?
94
Calculate the remainder when 99 is divided by 10.
9
Calculate the remainder when 4894 is divided by 68.
66
What is the remainder when 1699 is divided by 23?
20
Calculate the remainder when 824 is divided by 210.
194
What is the remainder when 164 is divided by 55?
54
Calculate the remainder when 393 is divided by 70.
43
What is the remainder when 145 is divided by 39?
28
Calculate the remainder when 2634 is divided by 73.
6
Calculate the remainder when 192 is divided by 39.
36
Calculate the remainder when 198 is divided by 56.
30
Calculate the remainder when 905 is divided by 57.
50
What is the remainder when 1038 is divided by 180?
138
What is the remainder when 1412 is divided by 290?
252
What is the remainder when 918 is divided by 177?
33
Calculate the remainder when 561 is divided by 119.
85
What is the remainder when 189 is divided by 189?
0
What is the remainder when 2371 is divided by 779?
34
Calculate the remainder when 777 is divided by 60.
57
What is the remainder when 1293 is divided by 186?
177
What is the remainder when 1188 is divided by 125?
63
Calculate the remainder when 522 is divided by 15.
12
Calculate the remainder when 1443 is divided by 122.
101
Calculate the remainder when 6951 is divided by 19.
16
What is the remainder when 4954 is divided by 134?
130
Calculate the remainder when 289 is divided by 74.
67
Calculate the remainder when 3787 is divided by 941.
23
Calculate the remainder when 2010 is divided by 1001.
8
What is the remainder when 1226 is divided by 346?
188
What is the remainder when 688 is divided by 87?
79
What is the remainder when 92 is divided by 27?
11
Calculate the remainder when 353 is divided by 89.
86
Calculate the remainder when 47431 is divided by 154.
153
Calculate the remainder when 252 is divided by 64.
60
Calculate the remainder when 98 is divided by 11.
10
Calculate the remainder when 112 is divided by 60.
52
What is the remainder when 66 is divided by 15?
6
Calculate the remainder when 914 is divided by 99.
23
Calculate the remainder when 246 is divided by 28.
22
Calculate the remainder when 697 is divided by 174.
1
What is the remainder when 392 is divided by 5?
2
Calculate the remainder when 28 is divided by 10.
8
What is the remainder when 220 is divided by 46?
36
What is the remainder when 221 is divided by 56?
53
What is the remainder when 12646 is divided by 23?
19
What is the remainder when 286 is divided by 4?
2
What is the remainder when 193 is divided by 175?
18
What is the remainder when 94 is divided by 24?
22
What is the remainder when 859 is divided by 86?
85
What is the remainder when 608 is divided by 120?
8
Calculate the remainder when 51 is divided by 14.
9
What is the remainder when 139 is divided by 8?
3
What is the remainder when 136 is divided by 10?
6
Calculate the remainder when 403 is divided by 37.
33
What is the remainder when 106 is divided by 95?
11
Calculate the remainder when 389 is divided by 107.
68
Calculate the remainder when 235 is divided by 20.
15
Calculate the remainder when 3976 is divided by 1965.
46
Calculate the remainder when 4067 is divided by 78.
11
What is the remainder when 179 is divided by 60?
59
What is the remainder when 168 is divided by 49?
21
Calculate the remainder when 254 is divided by 117.
20
Calculate the remainder when 68 is divided by 63.
5
What is the remainder when 194 is divided by 13?
12
What is the remainder when 229 is divided by 104?
21
Calculate the remainder when 95 